ds digit of 207368?
2
What is the ten thousands digit of 665774?
6
What is the millions digit of 1739447?
1
What is the thousands digit of 177992?
7
What is the hundreds digit of 133906?
9
What is the ten thousands digit of 404678?
0
What is the ten thousands digit of 3878357?
7
What is the hundreds digit of 5043843?
8
What is the tens digit of 485647?
4
What is the thousands digit of 127531?
7
What is the hundred thousands digit of 2046678?
0
What is the tens digit of 343385?
8
What is the ten thousands digit of 784215?
8
What is the thousands digit of 219860?
9
What is the hundreds digit of 1509858?
8
What is the ten thousands digit of 102553?
0
What is the units digit of 60092?
2
What is the hundreds digit of 424034?
0
What is the hundreds digit of 323942?
9
What is the ten thousands digit of 10530035?
3
What is the ten millions digit of 18154210?
1
What is the hundred thousands digit of 412337?
4
What is the millions digit of 19810741?
9
What is the hundred thousands digit of 10395164?
3
What is the ten thousands digit of 955310?
5
What is the units digit of 11645893?
3
What is the millions digit of 5460046?
5
What is the hundred thousands digit of 9810733?
8
What is the ten thousands digit of 427007?
2
What is the ten thousands digit of 54710?
5
What is the thousands digit of 11052970?
2
What is the hundred thousands digit of 278479?
2
What is the thousands digit of 233498?
3
What is the units digit of 906931?
1
What is the hundred thousands digit of 1381859?
3
What is the millions digit of 3059163?
3
What is the thousands digit of 102193?
2
What is the units digit of 1649565?
5
What is the units digit of 443925?
5
What is the units digit of 7305546?
6
What is the hundreds digit of 289631?
6
What is the thousands digit of 879276?
9
What is the units digit of 421904?
4
What is the thousands digit of 789544?
9
What is the hundred thousands digit of 261889?
2
What is the hundred thousands digit of 569421?
5
What is the hundred thousands digit of 771741?
7
What is the thousands digit of 194697?
4
What is the hundreds digit of 2388325?
3
What is the hundred thousands digit of 294569?
2
What is the hundred thousands digit of 156098?
1
What is the ten thousands digit of 13582036?
8
What is the millions digit of 8623840?
8
What is the ten thousands digit of 587590?
8
What is the thousands digit of 452053?
2
What is the millions digit of 6271370?
6
What is the tens digit of 712151?
5
What is the hundreds digit of 8632424?
4
What is the units digit of 116713?
3
What is the hundred thousands digit of 10037596?
0
What is the units digit of 485304?
4
What is the thousands digit of 106244?
6
What is the ten millions digit of 23718766?
2
What is the thousands digit of 428435?
8
What is the hundreds digit of 1298947?
9
What is the hundred thousands digit of 119900?
1
What is the hundred thousands digit of 590267?
5
What is the units digit of 986426?
6
What is the thousands digit of 9310400?
0
What is the hundreds digit of 182439?
4
What is the thousands digit of 1395193?
5
What is the thousands digit of 2273286?
3
What is the units digit of 15736370?
0
What is the ten thousands digit of 508982?
0
What is the hundred thousands digit of 1732667?
7
What is the hundred thousands digit of 10569216?
5
What is the hundreds digit of 1148101?
1
What is the units digit of 39872?
2
What is the millions digit of 1088319?
1
What is the hundreds digit of 598442?
4
What is the tens digit of 54194?
9
What is the hundreds digit of 237579?
5
What is the ten millions digit of 16559332?
1
What is the tens digit of 2704291?
9
What is the tens digit of 2260106?
0
What is the hundreds digit of 65082?
0
What is the ten thousands digit of 489596?
8
What is the ten thousands digit of 91634?
9
What is the tens digit of 26525174?
7
What is the units digit of 61476?
6
What is the ten thousands digit of 6403505?
0
What is the hundreds digit of 3213708?
7
What is the hundreds digit of 4249078?
0
What is the hundreds digit of 425427?
4
What is the hundreds digit of 267008?
0
What is the hundred thousands digit of 19290357?
2
What is the units digit of 2025767?
7
What is the thousands digit of 353099?
3
What is the millions digit of 2417409?
2
What is the units digit of 628396?
6
What is the ten thousands digit of 42929419?
2
What is the units digit of 3478489?
9
What is the hundred thousands digit of 11112769?
1
What is the millions digit of 6834028?
6
What is the hundred thousands digit of 175906?
1
What is the units digit of 4463933?
3
What is the ten thousands digit of 1434958?
3
What is the thousands digit of 195482?
5
What is the hundreds digit of 965127?
1
What is the millions digit of 3291684?
3
What is the millions digit of 16300984?
6
What is the thousands digit of 230131?
0
What is the thousands digit of 1749186?
9
What is the tens digit of 1113903?
0
What is the hundreds digit of 346155?
1
What is the hundreds digit of 166800?
8
What is the thousands digit of 983187?
3
What is the hundred thousands digit of 182200?
1
What is the millions digit of 2453135?
2
What is the hundred thousands digit of 3670939?
6
What is the tens digit of 262779?
7
What is the tens digit of 56155?
5
What is the hundreds digit of 59842?
8
What is the units digit of 42721?
1
What is the tens digit of 3845338?
3
What is the units digit of 2820590?
0
What is the millions digit of 2155269?
2
What is the thousands digit of 2064261?
4
What is the thousands digit of 914907?
4
What is the thousands digit of 628979?
8
What is the tens digit of 1866042?
4
What is the ten thousands digit of 1103718?
0
What is the tens digit of 829482?
8
What is the tens digit of 4380623?
2
What is the millions digit of 8056346?
8
What is the millions digit of 6323804?
6
What is the hundreds digit of 112904?
9
What is the hundred thousands digit of 977466?
9
What is the millions digit of 1943050?
1
What is the thousands digit of 126770?
6
What is the units digit of 121806?
6
What is the hundreds digit of 185710?
7
What is the millions digit of 15199906?
5
What is the millions digit of 3802808?
3
What is the tens digit of 4710897?
9
What is the hundreds digit of 31324214?
2
What is the hundreds digit of 2540315?
3
What is the hundreds digit of 21750979?
9
What is the units digit of 643932?
2
What is the thousands digit of 10899034?
9
What is the tens digit of 490507?
0
What is the ten thousands digit of 243786?
4
What is the hundred thousands digit of 423916?
4
What is the hundred thousands digit of 18902340?
9
What is the ten thousands digit of 25558?
2
What is the ten thousands digit of 3249882?
4
What is the tens digit of 544528?
2
What is the tens digit of 1249472?
7
What is the millions digit of 9015637?
9
What is the hundred thousands digit of 703723?
7
What is the tens digit of 217959?
5
What is the hundreds digit of 11994111?
1
What is the hundred thousands digit of 6509584?
5
What is the units digit of 280114?
4
What is the thousands digit of 215467?
5
What is the millions digit of 6511866?
6
What is the tens digit of 626443?
4
What is the hundreds digit of 8812159?
1
What is the millions digit of 15649893?
5
What is the ten millions digit of 13308761?
1
What is the hundreds digit of 1357178?
1
What is the millions digit of 3471893?
3
What is the hundreds digit of 668979?
9
What is the hundred thousands digit of 616455?
6
What is the ten thousands digit of 236302?
3
What is the tens digit of 32129814?
1
What is the hundreds digit of 9478018?
0
What is the thousands digit of 82175?
2
What is the units digit of 3785928?
8
What is the thousands digit of 6521538?
1
What is the thousands digit of 6299679?
9
What is the ten thousands digit of 1118507?
1
What is the hundred thousands digit of 190284?
1
What is the hundreds digit of 323640?
6
What is the hundred thousands digit of 4450809?
4
What is the ten thousands digit of 298846?
9
What is the units digit of 2290689?
9
What is the millions digit of 1369627?
1
What is the thousands digit of 4117177?
7
What is the units digit of 381446?
6
What is the units digit of 6714504?
4
What is the ten thousands digit of 55273?
5
What is the thousands digit of 6892283?
2
What is the tens digit of 1519082?
8
What is the hundreds digit of 934092?
0
What is the tens digit of 12438?
3
